{"id":177,"date":"2023-08-24T08:28:02","date_gmt":"2023-08-24T06:28:02","guid":{"rendered":"http:\/\/www.tennisbennwihr.fr\/?page_id=177"},"modified":"2023-08-24T08:49:58","modified_gmt":"2023-08-24T06:49:58","slug":"actualites","status":"publish","type":"page","link":"http:\/\/www.tennisbennwihr.fr\/?page_id=177","title":{"rendered":"Actualit\u00e9s"},"content":{"rendered":"\n<p><\/p>\n\n\n\n<p><strong><span class=\"has-inline-color has-white-color\">Suivez-nous sur les r\u00e9seaux sociaux : <\/span><\/strong><\/p>\n\n\n\n<p><strong><span class=\"has-inline-color has-white-color\">Facebook : ASL BENNWIHR section tennis<\/span><\/strong><\/p>\n\n\n\n<p><strong><span class=\"has-inline-color has-white-color\">Instagram : tennis_bennwihr <\/span><\/strong><\/p>\n\n\n\n<h2 class=\"wp-block-heading\">Prochain \u00e9v\u00e9nement : <\/h2>\n\n\n\n<p><strong><span class=\"has-inline-color has-white-color\">R\u00e9servation :<\/span><span class=\"has-inline-color has-pale-pink-color\"> <\/span><\/strong><a href=\"http:\/\/hypnotiseur-alsace.fr\" data-type=\"URL\" target=\"_blank\" rel=\"noreferrer noopener\"><span class=\"has-inline-color has-white-color\">hypnotiseur-alsace.fr<\/span><\/a><\/p>\n\n\n\n<figure class=\"wp-block-image size-large is-resized\"><img loading=\"lazy\" decoding=\"async\" src=\"http:\/\/www.tennisbennwihr.fr\/wp-content\/uploads\/2023\/08\/Hypnose.jpg\" alt=\"\" class=\"wp-image-187\" width=\"743\" height=\"1058\" srcset=\"http:\/\/www.tennisbennwihr.fr\/wp-content\/uploads\/2023\/08\/Hypnose.jpg 617w, http:\/\/www.tennisbennwihr.fr\/wp-content\/uploads\/2023\/08\/Hypnose-211x300.jpg 211w\" sizes=\"auto, (max-width: 743px) 100vw, 743px\" \/><\/figure>\n\n\n\n<p><\/p>\n","protected":false},"excerpt":{"rendered":"<p>Suivez-nous sur les r\u00e9seaux sociaux : Facebook : ASL BENNWIHR section tennis Instagram : tennis_bennwihr Prochain \u00e9v\u00e9nement : R\u00e9servation : hypnotiseur-alsace.fr<\/p>\n","protected":false},"author":1,"featured_media":0,"parent":0,"menu_order":0,"comment_status":"closed","ping_status":"closed","template":"","meta":{"footnotes":""},"class_list":["post-177","page","type-page","status-publish","hentry"],"_links":{"self":[{"href":"http:\/\/www.tennisbennwihr.fr\/index.php?rest_route=\/wp\/v2\/pages\/177","targetHints":{"allow":["GET"]}}],"collection":[{"href":"http:\/\/www.tennisbennwihr.fr\/index.php?rest_route=\/wp\/v2\/pages"}],"about":[{"href":"http:\/\/www.tennisbennwihr.fr\/index.php?rest_route=\/wp\/v2\/types\/page"}],"author":[{"embeddable":true,"href":"http:\/\/www.tennisbennwihr.fr\/index.php?rest_route=\/wp\/v2\/users\/1"}],"replies":[{"embeddable":true,"href":"http:\/\/www.tennisbennwihr.fr\/index.php?rest_route=%2Fwp%2Fv2%2Fcomments&post=177"}],"version-history":[{"count":3,"href":"http:\/\/www.tennisbennwihr.fr\/index.php?rest_route=\/wp\/v2\/pages\/177\/revisions"}],"predecessor-version":[{"id":188,"href":"http:\/\/www.tennisbennwihr.fr\/index.php?rest_route=\/wp\/v2\/pages\/177\/revisions\/188"}],"wp:attachment":[{"href":"http:\/\/www.tennisbennwihr.fr\/index.php?rest_route=%2Fwp%2Fv2%2Fmedia&parent=177"}],"curies":[{"name":"wp","href":"https:\/\/api.w.org\/{rel}","templated":true}]}}